f r?
2, 3
Suppose -140 = -4*f + 3*h + h, -70 = -2*f + 3*h. Suppose -2*d + 14 = 2*x, 3*d - 7 + f = 4*x. Let k = 15 - x. List the prime factors of k.
2
Let t(d) = 31*d + 65. What are the prime factors of t(16)?
3, 11, 17
Let y = 4 - -36. Let f = -34 + y. What are the prime factors of f?
2, 3
Suppose 3*s - 1128 = 3*i, -i - 239 = 2*s - 988. List the prime factors of s.
3, 5
Suppose 8*v - 5*v - 204 = 0. Suppose -v = t - 5*t. Suppose r + 5*c = 41, 2*r - 2*c - t - 41 = 0. What are the prime factors of r?
31
What are the prime factors of -1731*16/(-24) + 6?
2, 5, 29
Let k = -358 + 783. What are the prime factors of k?
5, 17
Suppose 2 = 4*i - 3*k, 0 = -3*i - k - 2*k + 12. Suppose -2*j = 2, i*q - 5*j - 26 = 123. What are the prime factors of q?
2, 3
Let z(a) = 6*a**2 + 2*a + 1. Let v be z(-1). Let i = v + -10. What are the prime factors of (-110)/4*4/i?
2, 11
What are the prime factors of (0 + 12)*(-222)/(-8)?
3, 37
Let g(k) = 13*k**2 - 19*k - 101. What are the prime factors of g(9)?
11, 71
Let b = 5 - 2. Suppose -b*v = -2*o - 2*o + 20, -2*v = 2*o - 10. Suppose r - 6 - 16 = v. What are the prime factors of r?
2, 11
Let x(b) = 11*b**2 - 13*b + 8. List the prime factors of x(2).
2, 13
Suppose -5*y + 8 = -3*y. Suppose -m - 129 = -y*m - f, 33 = m - 3*f. What are the prime factors of m?
2, 3, 7
Suppose 5*p - f - 30 = -1, 5*p - 27 = 3*f. Suppose p + 4 = -2*k, -k = 2*r - 475. What are the prime factors of r?
2, 3, 5
Let w(f) = f**3 - 6*f**2 - 2*f + 5. Suppose -2*o + 8 = -4. Let t be w(o). Let r = t + 16. What are the prime factors of r?
3
Suppose -2*j = -3*k - j + 40, -5*k + 4*j + 62 = 0. Let t be ((-21)/k)/(1/(-4)). Suppose 2*g + 6 = 0, t*v = v - 4*g + 68. What are the prime factors of v?
2
List the prime factors of (-68)/1*350/(-40).
5, 7, 17
Let x = 30 + -26. Suppose 0*a = x*q - 3*a - 91, q - 26 = 4*a. What are the prime factors of q?
2, 11
Suppose -2*g - 11 = 2*c - 3, 0 = 3*c + 12. Suppose g = -2*s - 0*s + 4. Suppose -18 = -4*a - s. List the prime factors of a.
2
Suppose 0 = -3*i, 2*d + 3*i + 324 = 4*d. Suppose 3*v - 540 = -d. What are the prime factors of v?
2, 3, 7
Let a be (2/(-1)*68)/(102/255). What are the prime factors of a/(-51)*(-372)/(-10)?
2, 31
List the prime factors of (-7 - 22/(-3))/((-9)/(-95148)).
2, 881
List the prime factors of 159422/79 + 2/2.
3, 673
Suppose 0 = -5*m + 16929 + 3011. What are the prime factors of m?
2, 997
Let a be (-2)/4*(-6)/(-3) + 4. Suppose -a*r + 118 = -68. What are the prime factors of r?
2, 31
Let f(y) = 4*y**3 - 3*y**2 + 2*y - 2. Let a(d) = -5*d + 4*d - 12 + 26 - 13. Let w be a(-1). List the prime factors of f(w).
2, 11
Suppose -36*n + 31569 = 2949. What are the prime factors of n?
3, 5, 53
Let h = 791 + -583. List the prime factors of h.
2, 13
Let u = 268 - 140. Suppose 8*g - 12*g + u = 0. What are the prime factors of ((-102)/(-8))/(8/g)?
3, 17
Let c = -28 - -36. Suppose 0*g = -2*g + c. Let y = g - -31. What are the prime factors of y?
5, 7
Suppose -2*s + 3*m = -m - 112, s + 4*m = 80. Let z = s - 8. What are the prime factors of z?
2, 7
Let w(m) = 3*m. Let i be w(4). Suppose -7*z + i = -16. Suppose -3*d - 184 = -7*d + 2*u, z*u = 16. What are the prime factors of d?
2, 3
Let u = -1741 + 2970. What are the prime factors of u?
1229
Let h(m) be the first derivative of -m**4/8 + 3*m**3/2 - 7*m**2/2 - 3. Let j(r) be the second derivative of h(r). List the prime factors of j(-9).
2, 3
Let b(j) = -j**3 + 8*j**2 + 11. Let w be b(8). List the prime factors of -156*(-4 - w/(-3)).
2, 13
Let v(g) = 3*g**2 + 10*g + 4. Let c = -115 - -108. What are the prime factors of v(c)?
3
Suppose -24*t = -25*t + 3. Suppose 5*x + 3*r - 742 = 0, 5*x - 152 = 4*x + t*r. List the prime factors of x.
149
Suppose -2*v + v + 4 = -3*f, -2*v + 2*f + 8 = 0. Suppose 2*m - 5*n = 306, -5*n - 134 = -v*m + 478. List the prime factors of m.
3, 17
What are the prime factors of 1510/50 + 13 - (-2)/(-10)?
43
Let p = -319 - -671. What are the prime factors of p?
2, 11
Let k be ((-954)/(-15))/((-3)/80*-1). What are the prime factors of 3 - k/(-11) - (-2)/(-11)?
157
List the prime factors of 1167589/388 + (-10)/8.
2, 47
Suppose -o = 4*w - 1074, o = -w + 108 + 162. Let u = 382 - w. What are the prime factors of u?
2, 3, 19
Let l(m) = -146*m - 37. List the prime factors of l(-5).
3, 7, 11
Let h(j) = 71*j**2 - 3*j + 30. List the prime factors of h(3).
2, 3, 5, 11
Suppose 5275 = 47*r - 22*r. What are the prime factors of r?
211
Let l(o) = 25*o**2 - o - 4. Let b be l(-4). Suppose -b = w - 17*w. List the prime factors of w.
5
Let s(y) = -3*y**3 + 8*y**2 + 4*y - 107. What are the prime factors of s(-8)?
23, 83
Let l be 122 - ((-4 - 0) + 7). Suppose 0 = -2*y - l + 607. What are the prime factors of y?
2, 61
Suppose m - 1 = -0*m. Let t(h) = 14*h - 1. Let q(r) = -42*r + 3. Let w(a) = -6*q(a) - 17*t(a). List the prime factors of w(m).
13
Suppose 3*x + 5 = -10. What are the prime factors of (-127)/x*3 + (-2)/10?
2, 19
Let x be 4*2/(-6)*204/(-8). Let g = 1 + x. What are the prime factors of g?
5, 7
Let s = -149 - -145. Let r(t) = -13*t + 3. Let y(k) = 25*k - 5. Let n(h) = -11*r(h) - 6*y(h). List the prime factors of n(s).
5
Suppose -24*r + 19*r + 480 = 0. Suppose -2*n = 4*q - 0*n - r, -2*q + 68 = -4*n. List the prime factors of q.
2, 13
Let z = -618 - -1122. What are the prime factors of z?
2, 3, 7
Suppose 495 = 2*v - 2627. What are the prime factors of v?
7, 223
Let t = 5 + 35. What are the prime factors of t/(-5)*1*(-43)/4?
2, 43
Let b be (4/6)/(1/36). Suppose -2*y + 93 = 3*n + 275, 3*y = -5*n - 302. List the prime factors of b/(-8)*n/6.
29
Suppose q - 22 = -3*v - 8, 4*q + v - 12 = 0. Suppose 5*z = 2*m + 617, -3*z + q*z - 5*m = -118. What are the prime factors of z?
3, 41
Let o = -9 - -9. Suppose -4*f - 4*r = -108, -3*f + 0*f - 5*r + 87 = o. What are the prime factors of f?
2, 3
Suppose 25 = 5*y, 0 = 3*w + 3*y + 16 - 49. Let h be (-9)/27 + 116/w. What are the prime factors of h - 4/((-12)/9)?
2, 11
Let k = 428 + 119. What are the prime factors of k?
547
What are the prime factors of (3 - 15)*1058/(-6)?
2, 23
Suppose 467 = 49*a - 48*a. What are the prime factors of a?
467
Suppose 801 = v + 5*l, -4*v + l - 314 = -3518. What are the prime factors of v?
3, 89
Suppose -3*q + 13 = -4*w + 435, -3*q = -3*w + 315. Suppose 4*l - w = -11. What are the prime factors of l?
2, 3
Suppose -11669 - 5747 = -14*o. List the prime factors of o.
2, 311
Let v = -375 + 623. Suppose v = -6*u + 710. What are the prime factors of u?
7, 11
Let d = 1093 - 485. What are the prime factors of d?
2, 19
Let x(y) = y**3 - 3*y**2 + 2*y - 2. Let l be x(2). Let n be (2/(l + 0))/1. Let h(o) = -10*o - 1. What are the prime factors of h(n)?
3
Suppose -2*n + 9 = 1. Suppose 4*v = n*w + 680, -3*w - 136 = -v + 32. Suppose -17 = -4*z + v. What are the prime factors of z?
47
Let c be ((-280)/25)/(-4)*-30. Let p = c + 152. List the prime factors of p.
2, 17
Let s(u) = -u**2 + 6*u - 3. Let j be s(6). Let y be (2/j)/(16/(-360)). Suppose -105 = -y*o + 10*o. What are the prime factors of o?
3, 7
List the prime factors of (431/(-2))/(31/(-558)).
3, 431
Let r = -3580 + 5762. List the prime factors of r.
2, 1091
List the prime factors of 3/((-2 - -4) + (-845)/424).
2, 53
Let h = 1746 - 1563. List the prime factors of h.
3, 61
Let o(v) = -v**2. Let d(u) = -3*u**2 + 7*u - 10. Let t(m) = -d(m) + 2*o(m). Let q be t(7). Suppose 0 = 3*k - q - 50. List the prime factors of k.
2, 5
Let m = 25 - 1. Let r = m - 39. List the prime factors of (-15)/1*20/r.
2, 5
Suppose 106 = -26*u + 11780. What are the prime factors of u?
449
Let c(b) = -2*b**2 - 8*b - 4. Let v be c(-3). Suppose 0*j - 1 = 3*a + v*j, 4*a = -j + 7. Suppose a*t - 33 = 2*t. List the prime factors of t.
3, 11
Let k(a) = 22*a**2 - 5*a - 14. List the prime factors of k(-4).
2, 179
Suppose 12 = -2*u - 4*u. List the prime factors of (-1184)/(-22) + 4 - u/11.
2, 29
Suppose -187 = -3*s + 2*b, 0*b = -4*s - 2*b + 240. Suppose -2*o + 69 = -s. Suppose 4*f + 4*v - 88 = 0, 3*f - o = 4*v + 36. What are the prime factors of f?
3
Let v(d) = -d - 14. Let m be v(-15). What are the prime factors of (16 - 5)/(m/3)?
3, 11
Suppose -19 = 3*u - 52. Suppose 2*j - 68 = p, -3*j - 2*p + u = -77. List the prime factors of j.
2
Suppose 0 = -5*u - 42 + 347. Let h = u - 15. What are the prime factors o